{"id":803,"date":"2022-12-12T13:24:44","date_gmt":"2022-12-12T13:24:44","guid":{"rendered":"https:\/\/dansk.ninja\/?page_id=803"},"modified":"2023-02-07T21:48:05","modified_gmt":"2023-02-07T21:48:05","slug":"studie","status":"publish","type":"page","link":"https:\/\/dansk.ninja\/index.php\/modultest\/du3\/du-3-modul-1\/studie\/","title":{"rendered":"Studie"},"content":{"rendered":"\n<h3 class=\"wp-block-heading\">Uddannelse<\/h3>\n\n\n\n<p>Hvad l\u00e6ser du? \/ hvad studerer du?<\/p>\n\n\n\n<p>Hvilken uddannelse er du i gang med?<\/p>\n\n\n\n<h3 class=\"wp-block-heading\">Sted<\/h3>\n\n\n\n<p>Hvor l\u00e6ser du? \/ Hvor studerer du?<\/p>\n\n\n\n<p>Hvilket universitet g\u00e5r du p\u00e5?<\/p>\n\n\n\n<p>L\u00e6ser du p\u00e5 Zealand?<\/p>\n\n\n\n<p>Studerer du p\u00e5 Zealand?<\/p>\n\n\n\n<h3 class=\"wp-block-heading\">Dage\/tid<\/h3>\n\n\n\n<p>Hvilke dage har du undervisning?<\/p>\n\n\n\n<p>Hvor mange gange om ugen, har du undervisning?<\/p>\n\n\n\n<p>Hvor mange dage om ugen, er du p\u00e5 studiet?<\/p>\n\n\n\n<p>Hvad tid m\u00f8der du?<\/p>\n\n\n\n<p>Hvad tid har du fri?<\/p>\n\n\n\n<p>Hvad er dine m\u00f8detider?<\/p>\n\n\n\n<p>Hvordan ser dit skema ud?<\/p>\n\n\n\n<p>Hvor l\u00e6nge har du studeret?<\/p>\n\n\n\n<p>Hvilket semester g\u00e5r du p\u00e5?<\/p>\n\n\n\n<p>Hvor l\u00e6nge har du tilbage p\u00e5 studiet?<\/p>\n\n\n\n<h3 class=\"wp-block-heading\">Studiekammerater<\/h3>\n\n\n\n<p>Har du en studiegruppe?<\/p>\n\n\n\n<p>Hvor mange er der i din studiegruppe?<\/p>\n\n\n\n<p>Hvor mange medstuderende har du?<\/p>\n\n\n\n<p>Hvor mange studerende er der p\u00e5 dit hold?<\/p>\n\n\n\n<p>Hvad hedder dine studiekammerater?<\/p>\n\n\n\n<p>Hvor kommer dine studiekammerater fra?<\/p>\n\n\n\n<p>Hvad sprog taler du med dine ?<\/p>\n\n\n\n<h3 class=\"wp-block-heading\">Pauser<\/h3>\n\n\n\n<p>Hvad laver du i pausen?<\/p>\n\n\n\n<p>Hvem er du sammen med i pausen?<\/p>\n\n\n\n<h3 class=\"wp-block-heading\">Transport til studie<\/h3>\n\n\n\n<p>Cykler du i skole\/p\u00e5 uni\/til Zealand?<\/p>\n\n\n\n<p>Tager du bussen?<\/p>\n\n\n\n<p>Hvordan kommer du til studiet?<\/p>\n","protected":false},"excerpt":{"rendered":"<p>Uddannelse Hvad l\u00e6ser du? \/ hvad studerer du? Hvilken uddannelse er du i gang med? Sted Hvor l\u00e6ser du? \/ Hvor studerer du? Hvilket universitet g\u00e5r du p\u00e5? L\u00e6ser du p\u00e5 Zealand? Studerer du p\u00e5 Zealand? Dage\/tid Hvilke dage har du undervisning? Hvor mange gange om ugen, har du undervisning? Hvor mange dage om ugen,&hellip; <a class=\"more-link\" href=\"https:\/\/dansk.ninja\/index.php\/modultest\/du3\/du-3-modul-1\/studie\/\">L\u00e6s mere <span class=\"screen-reader-text\">Studie<\/span><\/a><\/p>\n","protected":false},"author":2,"featured_media":0,"parent":509,"menu_order":0,"comment_status":"closed","ping_status":"closed","template":"","meta":{"inline_featured_image":false,"footnotes":""},"class_list":["post-803","page","type-page","status-publish","hentry","entry"],"_links":{"self":[{"href":"https:\/\/dansk.ninja\/index.php\/wp-json\/wp\/v2\/pages\/803","targetHints":{"allow":["GET"]}}],"collection":[{"href":"https:\/\/dansk.ninja\/index.php\/wp-json\/wp\/v2\/pages"}],"about":[{"href":"https:\/\/dansk.ninja\/index.php\/wp-json\/wp\/v2\/types\/page"}],"author":[{"embeddable":true,"href":"https:\/\/dansk.ninja\/index.php\/wp-json\/wp\/v2\/users\/2"}],"replies":[{"embeddable":true,"href":"https:\/\/dansk.ninja\/index.php\/wp-json\/wp\/v2\/comments?post=803"}],"version-history":[{"count":2,"href":"https:\/\/dansk.ninja\/index.php\/wp-json\/wp\/v2\/pages\/803\/revisions"}],"predecessor-version":[{"id":993,"href":"https:\/\/dansk.ninja\/index.php\/wp-json\/wp\/v2\/pages\/803\/revisions\/993"}],"up":[{"embeddable":true,"href":"https:\/\/dansk.ninja\/index.php\/wp-json\/wp\/v2\/pages\/509"}],"wp:attachment":[{"href":"https:\/\/dansk.ninja\/index.php\/wp-json\/wp\/v2\/media?parent=803"}],"curies":[{"name":"wp","href":"https:\/\/api.w.org\/{rel}","templated":true}]}}